he prime factors of 58415697.
3, 1039, 6247
List the prime factors of 5771666.
2, 23, 125471
What are the prime factors of 372668204?
2, 19, 67, 163, 449
What are the prime factors of 1920690886?
2, 19, 1213, 41669
What are the prime factors of 3541009072?
2, 221313067
What are the prime factors of 156851649?
3, 1451, 12011
What are the prime factors of 155881614?
2, 3, 7, 137, 27091
List the prime factors of 241517977.
241517977
What are the prime factors of 1482305572?
2, 11, 33688763
List the prime factors of 4181374.
2, 83, 25189
What are the prime factors of 49974678?
2, 3, 13, 257, 277
List the prime factors of 352217428.
2, 88054357
List the prime factors of 109655012.
2, 173, 211, 751
What are the prime factors of 803651316?
2, 3, 13, 31, 137, 1213
List the prime factors of 171949881.
3, 57316627
What are the prime factors of 146302051?
7, 17, 31, 39659
What are the prime factors of 196255549?
7, 673, 41659
What are the prime factors of 59203414?
2, 29601707
What are the prime factors of 40797887?
13, 3138299
What are the prime factors of 449159301?
3, 409, 122021
List the prime factors of 1173754466.
2, 257, 331, 6899
List the prime factors of 302354211.
3, 157, 727, 883
List the prime factors of 3644831055.
3, 5, 193, 503, 2503
List the prime factors of 1038076358.
2, 11, 1987, 23747
List the prime factors of 210045444.
2, 3, 7, 47, 83, 641
List the prime factors of 47652908.
2, 11913227
What are the prime factors of 181076515?
5, 36215303
What are the prime factors of 225151123?
3373, 66751
List the prime factors of 6217388.
2, 1554347
List the prime factors of 31488952.
2, 11, 357829
List the prime factors of 1056312388.
2, 264078097
What are the prime factors of 24365638?
2, 11, 19, 71, 821
List the prime factors of 1150463431.
13, 5077, 17431
What are the prime factors of 168463338?
2, 3, 113, 241, 1031
What are the prime factors of 1738661737?
29, 59, 131, 7757
What are the prime factors of 423114649?
17, 4957, 5021
List the prime factors of 1837893042.
2, 3, 1621, 62989
List the prime factors of 539336942.
2, 137, 1968383
What are the prime factors of 4324408059?
3, 2423, 594911
List the prime factors of 32770056.
2, 3, 11, 101, 1229
List the prime factors of 44208912.
2, 3, 11, 101, 829
List the prime factors of 14909510.
2, 5, 7, 11, 17, 67
What are the prime factors of 35986007?
23, 73, 21433
What are the prime factors of 74745906?
2, 3, 17, 23, 151, 211
What are the prime factors of 54847736?
2, 6855967
What are the prime factors of 2371417575?
3, 5, 31618901
What are the prime factors of 371606617?
19, 19558243
List the prime factors of 3567397.
3567397
List the prime factors of 917822304.
2, 3, 7, 455269
What are the prime factors of 335689039?
7, 61, 229, 3433
What are the prime factors of 352324147?
7, 50332021
List the prime factors of 1711237131.
3, 41, 509, 3037
What are the prime factors of 150407737?
150407737
List the prime factors of 390032456.
2, 11, 19, 479, 487
What are the prime factors of 349430276?
2, 13, 6719813
List the prime factors of 72206584.
2, 1297, 6959
What are the prime factors of 448136870?
2, 5, 67, 149
List the prime factors of 2055271332.
2, 3, 251, 682361
What are the prime factors of 922537227?
3, 307512409
List the prime factors of 1144170535.
5, 23, 479, 20771
List the prime factors of 1782204233.
47, 37919239
List the prime factors of 27859619.
71, 392389
List the prime factors of 4241321.
7, 283, 2141
List the prime factors of 61460261.
61460261
What are the prime factors of 1482236293?
1482236293
List the prime factors of 225375965.
5, 23, 29, 67579
List the prime factors of 137508259.
7, 2806291
What are the prime factors of 1265347631?
1265347631
What are the prime factors of 28084818?
2, 3, 29, 161407
What are the prime factors of 1497078081?
3, 166342009
What are the prime factors of 8660312?
2, 449, 2411
What are the prime factors of 1310636833?
11, 119148803
List the prime factors of 12733444.
2, 23, 138407
What are the prime factors of 892018750?
2, 5, 7, 20389
What are the prime factors of 338929927?
7, 48418561
List the prime factors of 5879262.
2, 3, 619, 1583
What are the prime factors of 140411119?
140411119
List the prime factors of 110127997.
7, 61, 349, 739
What are the prime factors of 2132004684?
2, 3, 109, 719, 2267
What are the prime factors of 22486174?
2, 11243087
What are the prime factors of 165381949?
165381949
What are the prime factors of 451454926?
2, 13, 17363651
What are the prime factors of 4735049693?
11, 149, 641, 4507
List the prime factors of 9658531.
43, 224617
What are the prime factors of 5174420105?
5, 1034884021
List the prime factors of 46908803.
46908803
What are the prime factors of 212118178?
2, 1801, 58889
List the prime factors of 42988810.
2, 5, 4298881
What are the prime factors of 612130945?
5, 122426189
List the prime factors of 753656716.
2, 17, 11083187
What are the prime factors of 239132302?
2, 17, 7033303
List the prime factors of 44381379.
3, 7, 2113399
List the prime factors of 245630189.
7, 716123
What are the prime factors of 168943313?
7, 11, 2194069
List the prime factors of 4242941855.
5, 17, 49916963
What are the prime factors of 5333625827?
5333625827
What are the prime factors of 2156066908?
2, 47, 251, 45691
List the prime factors of 354901735.
5, 70980347
List the prime factors of 346122523.
43, 47, 171263
What are the prime factors of 148301371?
148301371
What are the prime factors of 42867142?
2, 53, 283, 1429
What are the prime factors of 425766243?
3, 7, 59, 7013
List the prime factors of 354040482.
2, 3, 59006747
List the prime factors of 1076750164.
2, 7, 29, 1326047
What are the prime factors of 207198607?
7, 11, 47, 8179
List the prime factors of 30119665.
5, 17, 37, 61, 157
What are the prime factors of 10066247?
10066247
List the prime factors of 47327957.
47327957
List the prime factors of 19527637.
19527637
List the prime factors of 168831399.
3, 11, 41, 124783
What are the prime factors of 387946757?
11, 101, 349187
What are the prime factors of 52722830?
2, 5, 5272283
What are the prime factors of 223985757?
3, 31, 67, 103, 349
List the prime factors of 917759910.
2, 3, 5, 30591997
List the prime factors of 44115698.
2, 11, 89, 22531
List the prime factors of 377063261.
31, 12163331
List the prime factors of 1091187786.
2, 3, 13, 31, 451277
List the prime factors of 822340577.
19, 37, 1169759
What are the prime factors of 54692337?
3, 7, 443, 5879
List the prime factors of 48970558.
2, 7, 13, 269069
What are the prime factors of 623029149?
3, 69225461
List the prime factors of 70061040.
2, 3, 5, 7, 13901
List the prime factors of 983055337.
11, 47, 1901461
List the prime factors of 6000530848.
2, 13, 14424353
List the prime factors of 1085519761.
19, 57132619
List the prime factors of 881058857.
7, 97, 185369
What are the prime factors of 436094314?
2, 1129, 193133
List the prime factors of 19641882.
2, 3, 13, 419, 601
List the prime factors of 404164923.
3, 134721641
List the prime factors of 1072563496.
2, 134070437
What are the prime factors of 408356351?
13, 41, 47, 16301
List the prime factors of 40867862.
2, 7, 417019
What are the prime factors of 908282515?
5, 7, 25950929
List the prime factors of 179844952.
2, 7, 3211517
List the prime factors of 178714837.
7, 43, 97, 6121
What are the prime factors of 124843987?
751, 166237
What are the prime factors of 615756666?
2, 3, 7, 67, 218819
What are the prime factors of 552633553?
547, 911, 1109
What are the prime factors of 3371000160?
2, 3, 5, 11, 293, 2179
What are the prime factors of 1866772965?
3, 5, 3251, 38281
List the prime factors of 3200397633.
3, 53, 71, 1783
List the prime factors of 14707387.
19, 774073
List the prime factors of 1821927109.
15913, 114493
List the prime factors of 52607032.
2, 6575879
What are the prime factors of 1928802164?
2, 67, 7197023
List the prime factors of 79931401.
11, 7266491
What are the prime factors of 148589478?
2, 3, 917219
List the prime factors of 243294045.
3, 5, 31, 523213
List the prime factors of 442019689.
499, 885811
What are the prime factors of 226497786?
2, 3, 37749631
List the prime factors of 259563859.
71, 199, 18371
List the prime factors of 327954978.
2, 3, 13, 8293
What are the prime fac